2.
2826
Calculate the highest common divisor of 896819 and 147763.
1463
What is the greatest common divisor of 80514670 and 213250?
8530
Calculate the greatest common factor of 1690 and 71785961.
169
Calculate the greatest common divisor of 2143278927 and 54.
27
What is the highest common factor of 109072 and 157726?
34
What is the highest common divisor of 67236360 and 5100?
1020
Calculate the highest common factor of 8200328 and 943.
943
What is the highest common divisor of 1368 and 432504?
72
Calculate the greatest common factor of 45 and 2532141.
9
What is the highest common factor of 6517 and 1949837?
19
Calculate the greatest common divisor of 35395256 and 208.
104
What is the greatest common factor of 415540 and 152540?
5260
Calculate the highest common factor of 12724 and 70993558.
6362
Calculate the greatest common factor of 130604 and 386740.
1268
Calculate the greatest common divisor of 1242384000 and 330.
330
What is the greatest common factor of 9595 and 11593790?
505
What is the greatest common factor of 5561 and 498913?
83
What is the highest common factor of 250 and 36557260?
10
Calculate the highest common factor of 33618796 and 18208.
2276
Calculate the greatest common divisor of 36094358 and 2.
2
What is the greatest common divisor of 552092 and 390388?
68
What is the highest common divisor of 561800 and 8374?
106
What is the highest common factor of 69200 and 143056?
16
Calculate the greatest common factor of 26 and 15911984.
2
What is the greatest common divisor of 1008 and 25684512?
336
Calculate the highest common factor of 3462 and 36726.
6
Calculate the greatest common factor of 5890 and 4412234340.
5890
What is the greatest common factor of 49089236 and 165148?
4028
Calculate the highest common factor of 2687415764 and 878.
878
Calculate the highest common factor of 1 and 43889017.
1
What is the greatest common divisor of 7991406 and 277884?
4482
What is the highest common divisor of 5675 and 12330640?
1135
What is the highest common factor of 24850 and 280465975?
1775
Calculate the highest common divisor of 27 and 269084457.
27
Calculate the highest common divisor of 1896700 and 182.
26
Calculate the highest common divisor of 62398 and 7574.
14
Calculate the greatest common factor of 88299080 and 38.
38
Calculate the highest common factor of 538317 and 5423418.
5031
Calculate the highest common factor of 206147 and 13952537.
977
Calculate the highest common divisor of 231681924 and 54.
54
Calculate the greatest common divisor of 379221 and 5719.
19
Calculate the highest common factor of 31753 and 596844.
281
What is the highest common divisor of 15184 and 1213285112?
7592
Calculate the greatest common divisor of 588943 and 264100.
2641
What is the greatest common factor of 153 and 9164037?
51
Calculate the greatest common factor of 349685 and 70.
35
What is the highest common factor of 152 and 50571844?
76
Calculate the highest common divisor of 6264306 and 36.
18
Calculate the greatest common divisor of 1554 and 514559.
37
Calculate the greatest common divisor of 3964 and 79382073.
991
What is the highest common factor of 6958 and 389587366?
994
Calculate the highest common divisor of 164 and 406761.
41
What is the highest common factor of 4184 and 7028?
4
What is the greatest common divisor of 17120734 and 34?
34
What is the highest common divisor of 12916 and 2116325348?
12916
What is the highest common factor of 249981 and 25956?
309
What is the greatest common divisor of 204721527 and 783?
87
Calculate the highest common factor of 1965 and 169557230.
655
What is the highest common factor of 650772 and 2718?
18
What is the greatest common divisor of 54408 and 30324?
12
What is the highest common divisor of 55719 and 9225?
369
What is the greatest common divisor of 41429718 and 804?
402
What is the highest common divisor of 57148356 and 2652?
204
Calculate the greatest common divisor of 220274 and 7416196.
914
What is the greatest common factor of 1707200 and 520850?
550
What is the highest common factor of 106145 and 4901?
13
Calculate the greatest common divisor of 3757991 and 55195.
1577
What is the greatest common factor of 81 and 6811623?
9
What is the greatest common factor of 17739547 and 2?
1
Calculate the highest common divisor of 58152 and 696.
24
Calculate the greatest common factor of 74610990 and 30.
30
Calculate the greatest common divisor of 103578 and 5307.
183
What is the greatest common factor of 92 and 75956603?
23
Calculate the greatest common divisor of 116248776 and 574.
574
Calculate the highest common divisor of 17540729 and 611.
47
What is the greatest common divisor of 144 and 1792640?
16
What is the greatest common divisor of 8104822 and 8774?
214
Calculate the highest common factor of 374030 and 82490.
1130
What is the highest common divisor of 282600 and 10523082?
942
Calculate the greatest common divisor of 187479 and 170496.
333
Calculate the highest common factor of 158170 and 26470.
10
Calculate the greatest common divisor of 1000 and 723500.
500
Calculate the greatest common divisor of 10126175 and 50.
25
What is the greatest common divisor of 140 and 134879570?
70
What is the highest common factor of 13396523 and 7?
7
What is the greatest common divisor of 7852 and 16107208?
52
Calculate the highest common divisor of 435 and 534557.
29
Calculate the highest common divisor of 371935 and 4015.
365
Calculate the highest common factor of 1148157 and 99.
9
What is the highest common divisor of 20128 and 143487776?
1184
Calculate the greatest common factor of 15029 and 9695168.
133
Calculate the greatest common divisor of 424 and 713221.
53
What is the highest common factor of 11657711 and 3887?
299
Calculate the highest common divisor of 165 and 203867015.
55
What is the highest common divisor of 4935 and 292293?
141
Calculate the greatest common factor of 1847889 and 1896.
237
What is the greatest common divisor of 96219586 and 6548?
3274
Calculate the highest common divisor of 27425 and 2059069.
1097
What is the highest common divisor of 10764 and 376428?
156
Calculate the highest common factor of 39 and 2454244.
13
What is the highest common divisor of 1040785110 and 36?
18
Calculate the highest common divisor of 48043053 and 261.
261
What is the highest common divisor of 1168 and 8632?
8
Calculate the highest common divisor of 222851 and 1938.
19
What is the highest common divisor of 23505 and 83235?
15
Calculate the greatest common divisor of 72702830 and 1010.
1010
Calculate the highest common factor of 115 and 433386493.
23
What is the greatest common factor of 20748 and 2996448?
1092
Calculate the greatest common factor of 3092919 and 2598.
1299
What is the highest common factor of 19319190 and 330?
330
What is the highest common factor of 259448 and 4432428?
1148
What is the greatest common factor of 191783844 and 1566?
522
What is the highest common factor of 8245 and 15569858?
1649
What is the highest common divisor of 27161104 and 1088?
272
Calculate the greatest common divisor of 147 and 13841863.
49
Calculate the highest common divisor of 16236 and 99748.
44
What is the highest common divisor of 542933734 and 42?
14
What is the highest common divisor of 494918 and 550724?
262
What is the greatest common divisor of 174840 and 337466?
62
Calculate the greatest common divisor of 1630970 and 42350.
110
What is the greatest common divisor of 160111 and 765667?
623
Calculate the greatest common divisor of 481539498 and 24.
6
What is the highest common factor of 480445560 and 189?
189
Calculate the highest common divisor of 258121 and 872147.
719
What is the highest common factor of 4584 and 996000?
24
What is the highest common divisor of 281644 and 4985343?
407
What is the highest common divisor of 11993359 and 129700?
1297
Calculate the greatest common divisor of 77831017 and 814.
407
What is the greatest common divisor of 28 and 51617360?
4
Calculate the greatest common divisor of 25270 and 101701642.
5054
What is the greatest common divisor of 48800 and 67039?
61
What is the greatest common factor of 256929347 and 187?
17
Calculate the highest common divisor of 315 and 565283943.
63
What is the greatest common divisor of 44 and 1433993?
11
Calculate the greatest comm